- -3152?
2901
In base 14, what is 3433 - -15?
3448
In base 4, what is -20010 + -22?
-20032
In base 8, what is -3456751 + -4?
-3456755
In base 9, what is 7211161 - 5?
7211155
In base 2, what is -110111110000100 - -1100?
-110111101111000
In base 7, what is -304 + -56?
-363
In base 5, what is -40 - 11004?
-11044
In base 6, what is -4 + -32012?
-32020
In base 2, what is 1000100 - -1100101110011101?
1100101111100001
In base 2, what is -101011 - 11100100001001?
-11100100110100
In base 2, what is -1 - -110110101011010?
110110101011001
In base 9, what is -1 + -41220?
-41221
In base 2, what is 10100 - 11000011000?
-11000000100
In base 14, what is 1d4046 - -3?
1d4049
In base 5, what is 201 - 2043?
-1342
In base 2, what is 10101001011000 - 111?
10101001010001
In base 4, what is 20 - 222030232?
-222030212
In base 15, what is -54266 - -9?
-5425c
In base 6, what is 125042 - -35?
125121
In base 6, what is -15031030 - -3?
-15031023
In base 4, what is 103 - -22220?
22323
In base 7, what is 14 + 1465135?
1465152
In base 8, what is -25735 - -40?
-25675
In base 6, what is -4435 + -1045?
-5524
In base 15, what is -4 - dccd?
-dcd2
In base 2, what is 1000000001 + 11110101?
1011110110
In base 8, what is 1606334 + -3?
1606331
In base 8, what is -6 + 3015?
3007
In base 5, what is -1 - -133123221?
133123220
In base 16, what is 3d0 - 14?
3bc
In base 14, what is -4 + -4407?
-440b
In base 9, what is -62675 + -58?
-62744
In base 10, what is -19 + 8441?
8422
In base 8, what is -5 - -341035?
341030
In base 6, what is -5441 + -24?
-5505
In base 16, what is 5f - f1?
-92
In base 15, what is -93de - -36?
-93a8
In base 6, what is 500 - 112?
344
In base 8, what is -26741 + 2?
-26737
In base 3, what is -20 + 20120001?
20112211
In base 4, what is 122232 + 20332?
203230
In base 11, what is 211295 - 3?
211292
In base 16, what is -8 - -42443?
4243b
In base 6, what is -551542 - -3?
-551535
In base 2, what is 1 - -1001010000011?
1001010000100
In base 11, what is -153170 + 0?
-153170
In base 2, what is 1100011101 + 100110?
1101000011
In base 9, what is -56783 + 0?
-56783
In base 16, what is -3 + 2210?
220d
In base 7, what is 2 + 25352?
25354
In base 12, what is -413 + -142?
-555
In base 7, what is 50046 + 2?
50051
In base 12, what is -1 - -5173?
5172
In base 8, what is 2735 - 331?
2404
In base 3, what is 11 + -22001110?
-22001022
In base 4, what is 202 + -101200312?
-101200110
In base 9, what is 157 - -178?
346
In base 16, what is 4f4a + 4?
4f4e
In base 10, what is -24 - 130074?
-130098
In base 7, what is -5 - 564665?
-565003
In base 5, what is -100 - -12232?
12132
In base 13, what is -5 - -189a90?
189a88
In base 6, what is 5 + 10123?
10132
In base 2, what is -10 + 10011001?
10010111
In base 15, what is -5 - 553e4?
-553e9
In base 10, what is 203 + 119?
322
In base 13, what is -9bca + 16?
-9bb4
In base 6, what is 4 + -1554005?
-1554001
In base 14, what is 5 - 4034?
-402d
In base 15, what is 1d8ca + -12?
1d8b8
In base 12, what is -17b1 - 21?
-1812
In base 13, what is -2 - a249?
-a24b
In base 11, what is -714 - -820?
107
In base 8, what is 2 - 1747104?
-1747102
In base 9, what is 6130 + -113?
6016
In base 8, what is -4 - -3474?
3470
In base 5, what is -14234 - 232?
-20021
In base 3, what is 210 + -10101?
-2121
In base 12, what is 10840 - 4?
10838
In base 7, what is -1 - -330112?
330111
In base 9, what is 4 + 31730?
31734
In base 4, what is 101123 - 313?
100210
In base 10, what is -21012 - 10?
-21022
In base 16, what is 77 + -2ef3?
-2e7c
In base 15, what is 2 + 7489e?
748a1
In base 10, what is -3 + -1314?
-1317
In base 13, what is 17368 + -2?
17366
In base 10, what is -6892408 - -5?
-6892403
In base 16, what is -23e3b + 2?
-23e39
In base 4, what is 2121 - 1010330?
-1002203
In base 12, what is 85 - -1837?
1900
In base 11, what is -80 - -323?
253
In base 7, what is -3444 - -114?
-3330
In base 12, what is 9 - -82901?
8290a
In base 3, what is -12200222 + 100?
-12200122
In base 10, what is 5 - 525?
-520
In base 14, what is 616 - -a?
622
In base 8, what is -32602 + -2?
-32604
In base 8, what is 14 + 104377?
104413
In base 15, what is 4b2 - 63?
44e
In base 3, what is 2 + -122221011?
-122221002
In base 15, what is 15 + -18ca?
-18b5
In base 14, what is -8 - 3c11?
-3c19
In base 14, what is 3 - 63d07?
-63d04
In base 11, what is -144 - -167?
23
In base 13, what is -a - 6677?
-6684
In base 5, what is -3403 - -2024?
-1324
In base 5, what is -114014234 + -2?
-114014241
In base 12, what is -5 + 139320?
139317
In base 13, what is 489 - -13cc?
1888
In base 14, what is 1 - 31da?
-31d9
In base 11, what is 839 + 33?
871
In base 3, what is 110 - -1212?
2022
In base 6, what is 22454 - -112?
23010
In base 3, what is -22122212220 + 121?
-22122212022
In base 4, what is 12 - -10202202?
10202220
In base 8, what is 103417 - -1?
103420
In base 10, what is 2 + 11329?
11331
In base 14, what is 6d11 + 7?
6d18
In base 5, what is 241 + -1000231?
-444440
In base 4, what is 210 - 2133310?
-2133100
In base 16, what is b + -38c?
-381
In base 9, what is 3 + 300088?
300102
In base 7, what is -3111013 - -1?
-3111012
In base 15, what is -7 - -1ac4c?
1ac45
In base 8, what is -26504 + 2?
-26502
In base 3, what is 11222001110000 - 0?
11222001110000
In base 4, what is -233221 + 1?
-233220
In base 16, what is -2c45 - 3?
-2c48
In base 4, what is -13112121 + -3001?
-13121122
In base 16, what is -28e - 7f?
-30d
In base 3, what is -110021 + -22102?
-202200
In base 9, what is 11216083 - 2?
11216081
In base 10, what is -2103 + -313?
-2416
In base 9, what is 27411 - 5?
27405
In base 9, what is -2403 - 156?
-2560
In base 11, what is 7 - -50675?
50681
In base 7, what is -3 - 24641?
-24644
In base 2, what is -111010111111101100 + -100?
-111010111111110000
In base 14, what is -97 - 18db?
-1994
In base 2, what is 10101001 + 110111000?
1001100001
In base 7, what is -102245 + -3?
-102251
In base 2, what is 0 + -101001101001100?
-101001101001100
In base 3, what is -12212111020 - -22?
-12212110221
In base 3, what is 1212100 + -10111?
1201212
In base 3, what is -22201 + 1011?
-21120
In base 4, what is -3021333 - 12?
-3022011
In base 4, what is 10 + 33303032?
33303102
In base 10, what is 19646 - 65?
19581
In base 5, what is -1 - -10412310?
10412304
In base 14, what is -6c - -490?
422
In base 8, what is 47402170 - 5?
47402163
In base 6, what is 3 - -1302330?
1302333
In base 9, what is 1 + -2385606?
-2385605
In base 2, what is 1110001 + 110000000?
111110001
In base 13, what is -20758a + 3?
-207587
In base 9, what is 31 - 18416?
-18375
In base 15, what is 8ce - -93?
972
In base 16, what is -1d1b2 + 0?
-1d1b2
In base 2, what is 101 - 110011?
-101110
In base 16, what is aacd6 + 0?
aacd6
In base 12, what is -660 + 580?
-a0
In base 12, what is -45739 - 0?
-45739
In base 10, what is -280 - -761?
481
In base 8, what is -243 + -2452?
-2715
In base 16, what is 170 + 2d8?
448
In base 15, what is 4d20de + 5?
4d20e4
In base 13, what is -b - 1417?
-1425
In base 12, what is -5888 - 5a?
-5926
In base 2, what is -1100111101100100 + 100?
-1100111101100000
In base 8, what is 1142 - 233?
707
In base 10, what is -184 - -200?
16
In base 16, what is -4bb4 - 11?
-4bc5
In base 3, what is 2000 + -1020?
210
In base 6, what is 10 - -44005?
44015
In base 5, what is -1312433 - 0?
-1312433
In base 7, what is -1111441 - 2?
-1111443
In base 9, what is -4 + -155688?
-155703
In base 7, what is 0 - -50111?
50111
In base 6, what is -1134 + -1253?
-2431
In base 2, what is 100111 + -10011010101?
-10010101110
In base 12, what is 1320a - -6?
13214
In base 2, what is 101 - -1011010111001101?
1011010111010010
In base 11, what is 104 - 2?
102
In base 10, what is -236477 - 6?
-236483
In base 13, what is -6935 - 5?
-693a
In base 10, what is -167 - 1168?
-1335
In base 15, what is -70 + -1b8c?
-1c0c
In base 16, what is 6 - 47a3?
-479d
In base 15, what is 4 + -1295?
-1291
In base 14, what is 60 + -4c7?
-467
In base 12, what is -b1a7 - -12?
-b195
In base 3, what is -1020012 - 201?
-1020220
In base 5, what is -3213 - 101032?
-104300
In base 2, what is -110001000110010 + -11?
-110001000110101
In base 5, what is -20 + -13203111?
-13203131
In base 5, what is 231 - -4212423?
4213204
In base 3, what is -212120001 - -1022?
-212111202
In base 15, what is -2a56b - 2?
-2a56d
In base 6, what is 22102425 + 0?
22102